 Let x be a(7). What is the units digit of (-18)/x*(1 + 5)?
9
Let h be (5/(-2) - -2)*-36. Let i = -13 + h. Suppose -i*n = 5 - 15. What is the units digit of n?
2
Let i = 0 - -4. Suppose h - 26 = -4*n, -44 = -5*h + i*n + 38. What is the units digit of h?
8
Suppose -4*p - 13 = 5*i, 0 = -2*p + i + 11 - 0. Suppose -5*q + 37 = -p*j - 112, -5*j = -4*q + 114. What is the tens digit of q?
3
Let n(i) be the third derivative of -i**5/60 + 11*i**4/24 - 7*i**3/6 - i**2. What is the tens digit of n(7)?
2
Let q = -127 + 482. What is the hundreds digit of q?
3
Suppose 7*n - 1214 = 3*n + 2*v, -5*v = -5. What is the units digit of n?
4
What is the units digit of 310/20 - (-1)/(-2)?
5
Let q(n) = n**2 + 8*n - 12. Let s(v) = -v**2 - 4*v + 2. Let b be s(-6). What is the units digit of q(b)?
8
Let s(q) = q**2 - 6*q - 5. Let v be s(7). What is the units digit of v + (-2 - -10) - 2?
8
What is the units digit of -108*(0 - 2/4)?
4
Let k = 7 + -4. Suppose 0 = k*x - 9 + 3. Suppose 8 - 42 = -x*i. What is the units digit of i?
7
Let v(w) = w**2 - 11*w - 12. Let o be v(12). Suppose -4*z + 16 = o, z - 6*z = 4*p - 152. What is the tens digit of p?
3
Suppose -6 = -2*o + 4*m + 14, -o + 2 = -4*m. Let k = o + -16. What is the units digit of k?
2
Suppose h = 5*o + 79, 3*o - 2*o - h + 15 = 0. Let x = 20 - 29. Let z = x - o. What is the units digit of z?
7
Let v = 49 - 1. Suppose 2*i - 5*i = -v. What is the units digit of i?
6
Suppose 4*o - 293 = -5*h, -16*o = -11*o - h - 388. What is the tens digit of o?
7
Let k be 3*2 - (-8)/(-4). Suppose 0 = 5*s - k*a - 82, -3*s + 5 = 4*a - 57. Let c = s + -5. What is the units digit of c?
3
Let i(l) = 2*l - 13. Let b be i(6). Suppose 5*x = x - 8. Let d = b - x. What is the units digit of d?
1
Let z = -245 + 428. What is the units digit of z?
3
Suppose 3*d + 2*u + 1 = 18, 0 = -d + 5*u - 17. Let i(w) be the second derivative of w**5/20 - w**4/4 + w**3/3 + w**2/2 + 10*w. What is the units digit of i(d)?
7
Let u = 72 - 7. What is the units digit of u?
5
Suppose 0 = -5*m - 3*p + 14, -m - 3*p + 6 = -4*m. What is the units digit of m?
1
Suppose -4*y = y - 45. Suppose -9 = -l + 4*b, -l + 4*b = b - y. What is the units digit of l?
9
Suppose 5*o + 10 = -0. Let u be 1 - 1/(o/22). Suppose 0 = i - 2*f + 6*f - 21, -4*f = -u. What is the units digit of i?
9
Let q = -5 + 19. What is the units digit of (q + -2)/((-3)/(-2))?
8
Let x = 32 - 7. Suppose c - b + x = 6*c, -4*c + 20 = -b. Suppose -c*m - n + 48 = 0, 2*m - m + n = 8. What is the tens digit of m?
1
Let h = 8 + -12. Let s be -2 + 3 + (-8)/h. Suppose -5*b + 28 = -s*b. What is the tens digit of b?
1
Let d(c) = c**2 + 8*c - 6. What is the units digit of d(-12)?
2
Suppose 5*n = y + 221, 2*y - y = -5*n + 219. Suppose -2*g - 6 + n = 0. What is the units digit of g?
9
Suppose -r - 4*r = -40. Let l = r + 0. What is the units digit of l?
8
Suppose -3 = -p + 3. Let j = 6 + p. What is the tens digit of j?
1
Let l = -30 + 41. What is the tens digit of l?
1
Let w(g) = 12*g + 4. What is the tens digit of w(4)?
5
Let q = -98 - -222. What is the tens digit of q?
2
Suppose -x = 4*x. Suppose b + 4*h - 48 = -3*b, -b + 4*h + 27 = x. Suppose 3*z - b = 9. What is the units digit of z?
8
Suppose -2*o - o + 717 = -4*q, 5*o - q - 1212 = 0. What is the units digit of o?
3
Suppose 2*i + 59 - 457 = 0. What is the hundreds digit of i?
1
Let p be ((-2)/(-4))/((-2)/(-20)). Suppose p*k - 70 = 15. What is the tens digit of k?
1
Let v(n) = n**2 + 15*n + 26. What is the hundreds digit of v(-21)?
1
Suppose 2*n = i + 4*n - 22, 2*i - 4*n - 20 = 0. Let x(c) = c**3 - 16*c**2 + 23. What is the tens digit of x(i)?
2
Let m = -201 - -309. What is the units digit of m?
8
Let t(b) = -b. Let j be t(0). Suppose -q - 2*q + 42 = j. Suppose -q + 0 = -2*w. What is the units digit of w?
7
Let y(u) = -u**2 + 6*u + 11. Let m be y(7). Suppose 0*l = 2*j + m*l - 62, 0 = -3*j + 4*l + 53. What is the units digit of j?
3
What is the units digit of -3 - (-1 + -1 + -8)?
7
Let k(n) = -4*n - 9. What is the tens digit of k(-14)?
4
Suppose 5*f - 177 = -3*z, -16 - 133 = -4*f + 5*z. Suppose 2*t + 5*d = f, -d + 4 + 0 = 0. Suppose -t = b + 4*l, 4*b - 2*l - 25 = l. What is the units digit of b?
4
Let w(z) = -z - 10. Let p be w(-15). Suppose -5*y = 5*j - 50, -p*y + 42 = j + 3*j. What is the units digit of j?
8
What is the units digit of (-6 - (-144)/30)*(-10)/4?
3
Suppose -z - 5 = -4*a, a - 4 - 1 = -z. Suppose 3*g = -a + 5. What is the units digit of g?
1
Suppose -2*m + 71 - 1 = 0. Let b(s) = 13*s - 1. Let u be b(2). Let r = m - u. What is the units digit of r?
0
Let h be (-4)/(-10) + 4/(-10). Suppose 5*f - 100 = -h*f. What is the units digit of f?
0
Let o be 6/(-21) - (-247)/7. Suppose 56 = -3*h + 4*y, -2*h - 5*y = -4*h - o. What is the units digit of (-7)/(14/h) + -3?
7
Suppose 4*j = -5*y + 3*j - 16, -2*y + j - 12 = 0. Let t = y - -6. What is the units digit of -2 + (-2 + t - -3)?
1
Suppose -3*n - 77 + 209 = 0. What is the units digit of n?
4
What is the units digit of (-1)/2*0 - -47?
7
Let q = 92 + -82. What is the tens digit of q?
1
Suppose 3 = 2*x - 1. Suppose x*c - 2 = c. Suppose c*o = 3*o - 5. What is the units digit of o?
5
Suppose -4*o - o = 0. Suppose o = -2*f - 0*f - 24. Let h = f - -22. What is the tens digit of h?
1
Let c = -20 + 14. Suppose 5*n = 80 - 20. Let f = n + c. What is the units digit of f?
6
Suppose 4 = y + 5. What is the units digit of -1 + 1/y - -4?
2
Let p(n) = 54*n**3. What is the units digit of p(1)?
4
Let n be (9/5)/(6/20). Let o = 10 - n. What is the units digit of o?
4
Suppose -i = -0*i - 2. What is the units digit of i?
2
Suppose -4*r = -75 - 29. What is the tens digit of r?
2
Let s(r) = r**2 - 6*r + 6. Let d be s(5). Suppose -2 = -v + 3. Let j = d + v. What is the units digit of j?
6
Let f = -147 - -418. What is the units digit of f?
1
Suppose 4*m - 8 = -0*m. Let f be (-24)/30*(-5)/m. Suppose -f*q + 30 = 4*w, -3*w + 37 = -5*q - 5. What is the units digit of w?
9
Suppose 3*n - 1 = -2*m - 4, 15 = 5*m. Let i be 48/18*n/(-2). Suppose 0 = l - 5*v - 0*v - 2, -8 = -i*l + 5*v. What is the units digit of l?
2
Let u(g) = -g**2 + 7*g - 7. Let n be u(5). Let z = 3 - n. Suppose -30 = -z*k - 5*k. What is the units digit of k?
6
Let f = 83 - 6. What is the tens digit of f?
7
Let a = 494 - 235. What is the hundreds digit of a?
2
Suppose -12*q + 11*q + 65 = 0. What is the units digit of q?
5
Suppose v - 3*h = 322 - 100, -4*h = 4. What is the tens digit of v?
1
Suppose 0 = -2*x + r - 29, x - r = 4*x + 56. Let z = 37 + x. What is the units digit of z?
0
Let p be 0/((3 - -1) + -3). Let q(j) = -j + 6. Let z be q(4). Let k = z - p. What is the units digit of k?
2
Let j be -1 + (-3)/(-9)*3. Let p = 21 + j. What is the tens digit of p?
2
What is the tens digit of ((-17)/2)/((5/60)/(-1))?
0
Let k = -7 - -70. Suppose 4*l + k = 3*v, 0*v - 5*v = -5*l - 110. Let m = v - 6. What is the tens digit of m?
1
Let s = -129 + 376. What is the tens digit of s?
4
Suppose -622 + 22 = -10*o. What is the tens digit of o?
6
Let c = 31 - -14. What is the tens digit of c?
4
Suppose 2*y - 976 = -0*t - 4*t, 2*t - 2*y - 494 = 0. What is the tens digit of t?
4
Suppose 13*h - 80 = 8*h. What is the units digit of h?
6
Suppose -h + 74 = -4*z, -h - 3*z + 109 = -0*h. What is the units digit of h?
4
Let o = 22 + -16. Suppose 2*v + 20 = o*v. What is the units digit of v?
5
Suppose 2*b - 66 = 2*i, 2*b - 3*i = i + 62. What is the tens digit of b?
3
Let j(o) = -o**3 + o**2 - 3. Let x be j(0). Let s(i) = -i**2 - 5*i - 4. Let f be s(x). Suppose -5*a = c - 22, -3*a + f*a = -2*c. What is the units digit of a?
4
Let m be 53 + (-4 - (0 + -3)). Suppose v + 3*v - m = 0. What is the tens digit of v?
1
Let c(j) = j**3 - 2*j**2 - 3*j + 4. Let d(k) = k**3 + 8*k**2 - 10*k - 6. Let x be d(-9). Let i be c(x). Suppose m + m = i. What is the units digit of m?
2
Suppose 2*s = 5*y - 1076, -3*y + 5*s = s - 640. What is the tens digit of y?
1
Let u = 12 - 12. Suppose -y + 26 = -u*y. What is the units digit of y?
6
Let a(h) = -h**3 + 2*h**2 + 1. Let x be a(4). Let k = x + 43. What is the tens digit of k?
1
Let l = 50 + -18. What is the tens digit of l?
3
Suppose 0 = 2*l - 6*l + 208. What is the units digit of l?
2
Suppose 4*f + 6*f = 2260. What is the units digit of f?
6
Let o be ((-46)/(-8))/((-2)/(-8)). Let s be (2 +